{"id":12,"date":"2015-06-15T18:49:34","date_gmt":"2015-06-15T16:49:34","guid":{"rendered":"http:\/\/www.trading-ideen.de\/wordpress\/?page_id=12"},"modified":"2018-05-14T09:58:41","modified_gmt":"2018-05-14T07:58:41","slug":"rechtliches","status":"publish","type":"page","link":"https:\/\/www.trading-ideen.de\/wordpress\/rechtliches\/","title":{"rendered":"Impressum"},"content":{"rendered":"<h1>Redaktionelle Angaben<\/h1>\n<p>Angaben gem. \u00a7 5 TMG<\/p>\n<p><b>Betreiber und Kontakt:<\/b><br \/>\nChristian Lukas<\/p>\n<p>M\u00fcnchowstra\u00dfe 1<br \/>\n14129 Berlin<\/p>\n<p>USt-ID DE257123784<br \/>\nTelefonnummer: 015202965777<br \/>\nE-Mail-Adresse: info@trading-ideen.de<\/p>\n<p><b>Verantwortliche f\u00fcr journalistisch-redaktionelle Inhalte gem. \u00a7 55 II RstV:<\/b><br \/>\nChristian Lukas, M\u00fcnchowstr. 1, 14129 Berlin<br \/>\nMitglied der <strong>Vereinigung Technischer Analysten Deutschlands e.V. (VTAD)<\/strong><br \/>\n<a href=\"http:\/\/www.volumen-analyse.de\/blog\/vtad-standesrichtlinien\/\" target=\"_blank\" rel=\"noopener\">VTAD-Standesrichtlinien<\/a><\/p>\n<p>Ein gesonderte Erkl\u00e4rung zum Datenschutz gibt es hier: <a href=\"https:\/\/www.trading-ideen.de\/wordpress\/datenschutzerklaerung\/\" rel=\"noopener\" target=\"_blank\"> Datenschutzerkl\u00e4rung<\/a><\/p>\n<p><strong>Haftungsausschluss:<\/strong><\/p>\n<p>Alle Beitr\u00e4ge der Internetseite stellen lediglich eine pers\u00f6nliche Meinung und auch eine pers\u00f6nliche Sicht der Dinge dar, sind aber nicht als Handelsempfehlung oder als sonstige Aufforderung zu sehen. \u00a0Alle Anleitungen und Beispiele dieser Webseiten dienen allein der Veranschaulichung. Christian Lukas \u00a0\u00fcbernimmt keinerlei Gew\u00e4hr f\u00fcr die Aktualit\u00e4t, Korrektheit, Vollst\u00e4ndigkeit oder Qualit\u00e4t der bereitgestellten Informationen. Haftungsanspr\u00fcche gegen Christian Lukas, welche sich auf Sch\u00e4den materieller oder immaterieller Art beziehen, die durch die Nutzung oder Nichtnutzung der dargebotenen Informationen bzw. durch die Nutzung fehlerhafter und unvollst\u00e4ndiger Informationen verursacht wurden, sind grunds\u00e4tzlich ausgeschlossen.<br \/>\nChristian Lukas beh\u00e4lt sich ausdr\u00fccklich vor, Teile der Seiten oder das gesamte Angebot ohne gesonderte Ank\u00fcndigung zu ver\u00e4ndern, zu erg\u00e4nzen, zu l\u00f6schen oder die Ver\u00f6ffentlichung zeitweise oder endg\u00fcltig einzustellen.<\/p>\n<p>Christian Lukas \u00a0machen Sie darauf aufmerksam, dass sie oder Mitarbeiter in empfohlenen Werten selbst investiert sein k\u00f6nnen.<\/p>\n<p><em><strong>Sollten Dritte durch die Webseite ihr Urheberrecht verletzt sehen, bitten wir um eine Nachricht. Der Passus wird ggf. entfernt.<\/strong><\/em><\/p>\n<p>&nbsp;<\/p>\n<p><strong>Allgemeines:<\/strong><\/p>\n<p>Wir messen dem Schutz Ihrer Privatsph\u00e4re als Nutzer unseres Internetauftritts h\u00f6chste Bedeutung zu und halten uns bei der Erhebung, Verarbeitung und Nutzung streng an die gesetzlichen Bestimmungen des Bundesdatenschutzgesetzes und des Telemediendatenschutzgesetzes. Dies gilt insbesondere f\u00fcr die Verarbeitung Ihrer personenbezogenen Daten.<\/p>\n<p>Wir wissen das Vertrauen, das unsere Kunden\/Leser in uns setzen, zu sch\u00e4tzen. Deshalb behandeln wir alle Daten, die Sie uns anvertrauen, mit \u00e4u\u00dferster Sorgfalt.<\/p>\n<p><strong>Wie nutzen wir Ihre Daten?<\/strong><\/p>\n<p>F\u00fcr die allgemeine Nutzung unserer Internetseite ist es nicht erforderlich, dass Sie personenbezogene Daten preisgeben.<br \/>\nIn bestimmten F\u00e4llen ben\u00f6tigen wir jedoch Ihren Name und Ihre Adresse sowie weitere Angaben, damit wir die gew\u00fcnschten Dienstleistungen erbringen k\u00f6nnen, z.B. bei Produktbestellungen, bei der Teilnahme an Verlosungen, bei Abonnements unserer E-Mail-Newsletter oder im Zuge der Kontaktaufnahme mit uns. Wo dies erforderlich ist, weisen wir Sie entsprechend darauf hin.<br \/>\nDar\u00fcber hinaus speichern und verarbeiten wir nur Daten, die Sie uns freiwillig oder automatisch zur Verf\u00fcgung stellen.<br \/>\nBei der Durchf\u00fchrung der Datenverarbeitung kann es sein , dass wir uns teilweise externer Dienstleister bedienen.<br \/>\nUm Ihnen die Nutzung auf unseren Webseiten so angenehm wie m\u00f6glich zu gestalten, analysieren wir das Nutzerverhalten, u.a. mithilfe von Webseitenanalyse-Tools wie z. B. Google Analytics, und speichern Daten \u00fcber die Nutzung unseres Internetauftritts. Dies k\u00f6nnen z. B. Daten \u00fcber den genutzten Internet-Browser, \u00fcber das Betriebssystem, \u00fcber die Anzahl der Besuche, \u00fcber die durchschnittliche Verweilzeit, \u00fcber die Anzahl der aufgerufenen Seiten u. \u00e4. sein. Diese Daten benutzen wir, um unsere Inhalte einschlie\u00dflich der Werbeangebote noch weiter auf Ihre Bed\u00fcrfnisse abzustimmen, z .B. indem wir Ihnen personalisierte Bereiche anbieten oder Ihnen Produkte vorschlagen, die f\u00fcr Sie interessant sein k\u00f6nnten und um Sie \u2013 mit Ihrem Einverst\u00e4ndnis \u2013 per E-mail \u00fcber spezielle Angebote oder neue Produkte zu unterrichten.<\/p>\n<p><strong>Cookies<\/strong><br \/>\nWir verwenden Cookies, um Inhalte und Anzeigen zu personalisieren, Funktionen f\u00fcr soziale Medien anbieten zu k\u00f6nnen und die Zugriffe auf unsere Website zu analysieren. Au\u00dferdem geben wir Informationen zu Ihrer Nutzung unserer Website an unsere Partner f\u00fcr soziale Medien, Werbung und Analysen weiter.<br \/>\nWir\u00a0arbeiten mit Google-Apps. Weitere Informationen finden Sie dazu unter:<a href=\"http:\/\/www.google.com\/intl\/de\/policies\/privacy\/partners\/\">Google-Datennutzung<\/a><\/p>\n<p><strong>Zu den externen Links:<\/strong><\/p>\n<p>Christian Lukas haften nicht f\u00fcr externe Links zu anderen Internetseiten. F\u00fcr den Inhalt der verlinkten Seiten sind ausschlie\u00dflich die Betreiber der jeweiligen Domain und folgenden Webseiten verantwortlich. Dieses gilt f\u00fcr alle innerhalb des eigenen Internetangebotes gesetzten Links und Verweise sowie f\u00fcr Fremdeintr\u00e4ge. F\u00fcr illegale, fehlerhafte oder unvollst\u00e4ndige Inhalte und insbesondere f\u00fcr Sch\u00e4den, die aus der Nutzung oder Nichtnutzung solcherart dargebotener Informationen entstehen, haftet allein der Anbieter der Seite, auf welche verwiesen wurde, nicht derjenige, der \u00fcber Links auf die jeweilige Ver\u00f6ffentlichung lediglich verweist.<\/p>\n<p><strong>Urheberrecht<\/strong><br \/>\nDie Inhalte dieser Webseite sind urheberrechtlich gesch\u00fctzt. <strong>Inhalte von dieser Webseite d\u00fcrfen verwendet werden, wenn eine Quellenangabe erfolgt.<\/strong><\/p>\n<p>Bei Verwendung sind die Text-Passagen abzugrenzen (zum Beispiel mit Anf\u00fchrungszeichen, mit Farbe, Rahmen oder Sonstiges).<br \/>\nUnter dem verwendeten Text muss die Quellenangabe stehen:<strong><br \/>\nQuelle: www.trading-ideen.de<\/strong><\/p>\n<p>Christian Lukas \u00a0behalten sich vor, bei Missbrauch der Inhalte die Verwendung auch nachtr\u00e4glich zu untersagen.<\/p>\n<p><strong>Verbraucherstreitbeilegungsgesetz <\/strong><\/p>\n<p>Christian Lukas lehnt eine Teilnahme an einem Streitbeilegungsverfahren ab und ist dazu auch nicht verpflichtet.<\/p>\n<p>&nbsp;<\/p>\n","protected":false},"excerpt":{"rendered":"<div class=\"mh-excerpt\"><p>Redaktionelle Angaben Angaben gem. \u00a7 5 TMG Betreiber und Kontakt: Christian Lukas M\u00fcnchowstra\u00dfe 1 14129 Berlin USt-ID DE257123784 Telefonnummer: 015202965777 E-Mail-Adresse: info@trading-ideen.de Verantwortliche f\u00fcr journalistisch-redaktionelle Inhalte gem. \u00a7 55 II RstV: Christian Lukas, M\u00fcnchowstr. 1, <a class=\"mh-excerpt-more\" href=\"https:\/\/www.trading-ideen.de\/wordpress\/rechtliches\/\" title=\"Impressum\">[&#8230;]<\/a><\/p>\n<\/div>","protected":false},"author":1,"featured_media":0,"parent":0,"menu_order":0,"comment_status":"open","ping_status":"open","template":"","meta":{"footnotes":""},"class_list":["post-12","page","type-page","status-publish"],"yoast_head":"<!-- This site is optimized with the Yoast SEO plugin v27.4 - https:\/\/yoast.com\/product\/yoast-seo-wordpress\/ -->\n<title>Impressum - Trading-Ideen.de<\/title>\n<meta name=\"robots\" content=\"index, follow, max-snippet:-1, max-image-preview:large, max-video-preview:-1\" \/>\n<link rel=\"canonical\" href=\"https:\/\/www.trading-ideen.de\/wordpress\/rechtliches\/\" \/>\n<meta name=\"twitter:label1\" content=\"Gesch\u00e4tzte Lesezeit\" \/>\n\t<meta name=\"twitter:data1\" content=\"4\u00a0Minuten\" \/>\n<script type=\"application\/ld+json\" class=\"yoast-schema-graph\">{\"@context\":\"https:\\\/\\\/schema.org\",\"@graph\":[{\"@type\":\"WebPage\",\"@id\":\"https:\\\/\\\/www.trading-ideen.de\\\/wordpress\\\/rechtliches\\\/\",\"url\":\"https:\\\/\\\/www.trading-ideen.de\\\/wordpress\\\/rechtliches\\\/\",\"name\":\"Impressum - Trading-Ideen.de\",\"isPartOf\":{\"@id\":\"https:\\\/\\\/www.trading-ideen.de\\\/wordpress\\\/#website\"},\"datePublished\":\"2015-06-15T16:49:34+00:00\",\"dateModified\":\"2018-05-14T07:58:41+00:00\",\"breadcrumb\":{\"@id\":\"https:\\\/\\\/www.trading-ideen.de\\\/wordpress\\\/rechtliches\\\/#breadcrumb\"},\"inLanguage\":\"de\",\"potentialAction\":[{\"@type\":\"ReadAction\",\"target\":[\"https:\\\/\\\/www.trading-ideen.de\\\/wordpress\\\/rechtliches\\\/\"]}]},{\"@type\":\"BreadcrumbList\",\"@id\":\"https:\\\/\\\/www.trading-ideen.de\\\/wordpress\\\/rechtliches\\\/#breadcrumb\",\"itemListElement\":[{\"@type\":\"ListItem\",\"position\":1,\"name\":\"Home\",\"item\":\"https:\\\/\\\/www.trading-ideen.de\\\/wordpress\\\/\"},{\"@type\":\"ListItem\",\"position\":2,\"name\":\"Impressum\"}]},{\"@type\":\"WebSite\",\"@id\":\"https:\\\/\\\/www.trading-ideen.de\\\/wordpress\\\/#website\",\"url\":\"https:\\\/\\\/www.trading-ideen.de\\\/wordpress\\\/\",\"name\":\"Trading-Ideen.de\",\"description\":\"Tipps und Gedanken zur B\u00f6rse\",\"potentialAction\":[{\"@type\":\"SearchAction\",\"target\":{\"@type\":\"EntryPoint\",\"urlTemplate\":\"https:\\\/\\\/www.trading-ideen.de\\\/wordpress\\\/?s={search_term_string}\"},\"query-input\":{\"@type\":\"PropertyValueSpecification\",\"valueRequired\":true,\"valueName\":\"search_term_string\"}}],\"inLanguage\":\"de\"}]}<\/script>\n<!-- \/ Yoast SEO plugin. -->","yoast_head_json":{"title":"Impressum - Trading-Ideen.de","robots":{"index":"index","follow":"follow","max-snippet":"max-snippet:-1","max-image-preview":"max-image-preview:large","max-video-preview":"max-video-preview:-1"},"canonical":"https:\/\/www.trading-ideen.de\/wordpress\/rechtliches\/","twitter_misc":{"Gesch\u00e4tzte Lesezeit":"4\u00a0Minuten"},"schema":{"@context":"https:\/\/schema.org","@graph":[{"@type":"WebPage","@id":"https:\/\/www.trading-ideen.de\/wordpress\/rechtliches\/","url":"https:\/\/www.trading-ideen.de\/wordpress\/rechtliches\/","name":"Impressum - Trading-Ideen.de","isPartOf":{"@id":"https:\/\/www.trading-ideen.de\/wordpress\/#website"},"datePublished":"2015-06-15T16:49:34+00:00","dateModified":"2018-05-14T07:58:41+00:00","breadcrumb":{"@id":"https:\/\/www.trading-ideen.de\/wordpress\/rechtliches\/#breadcrumb"},"inLanguage":"de","potentialAction":[{"@type":"ReadAction","target":["https:\/\/www.trading-ideen.de\/wordpress\/rechtliches\/"]}]},{"@type":"BreadcrumbList","@id":"https:\/\/www.trading-ideen.de\/wordpress\/rechtliches\/#breadcrumb","itemListElement":[{"@type":"ListItem","position":1,"name":"Home","item":"https:\/\/www.trading-ideen.de\/wordpress\/"},{"@type":"ListItem","position":2,"name":"Impressum"}]},{"@type":"WebSite","@id":"https:\/\/www.trading-ideen.de\/wordpress\/#website","url":"https:\/\/www.trading-ideen.de\/wordpress\/","name":"Trading-Ideen.de","description":"Tipps und Gedanken zur B\u00f6rse","potentialAction":[{"@type":"SearchAction","target":{"@type":"EntryPoint","urlTemplate":"https:\/\/www.trading-ideen.de\/wordpress\/?s={search_term_string}"},"query-input":{"@type":"PropertyValueSpecification","valueRequired":true,"valueName":"search_term_string"}}],"inLanguage":"de"}]}},"_links":{"self":[{"href":"https:\/\/www.trading-ideen.de\/wordpress\/wp-json\/wp\/v2\/pages\/12","targetHints":{"allow":["GET"]}}],"collection":[{"href":"https:\/\/www.trading-ideen.de\/wordpress\/wp-json\/wp\/v2\/pages"}],"about":[{"href":"https:\/\/www.trading-ideen.de\/wordpress\/wp-json\/wp\/v2\/types\/page"}],"author":[{"embeddable":true,"href":"https:\/\/www.trading-ideen.de\/wordpress\/wp-json\/wp\/v2\/users\/1"}],"replies":[{"embeddable":true,"href":"https:\/\/www.trading-ideen.de\/wordpress\/wp-json\/wp\/v2\/comments?post=12"}],"version-history":[{"count":15,"href":"https:\/\/www.trading-ideen.de\/wordpress\/wp-json\/wp\/v2\/pages\/12\/revisions"}],"predecessor-version":[{"id":7730,"href":"https:\/\/www.trading-ideen.de\/wordpress\/wp-json\/wp\/v2\/pages\/12\/revisions\/7730"}],"wp:attachment":[{"href":"https:\/\/www.trading-ideen.de\/wordpress\/wp-json\/wp\/v2\/media?parent=12"}],"curies":[{"name":"wp","href":"https:\/\/api.w.org\/{rel}","templated":true}]}}