{"id":3717,"date":"2016-08-31T22:57:40","date_gmt":"2016-08-31T20:57:40","guid":{"rendered":"http:\/\/www.trading-ideen.de\/wordpress\/?page_id=3717"},"modified":"2017-06-11T00:23:04","modified_gmt":"2017-06-10T22:23:04","slug":"handelssystem","status":"publish","type":"page","link":"https:\/\/www.trading-ideen.de\/wordpress\/handelssystem\/","title":{"rendered":"System: DailyTrade"},"content":{"rendered":"<h2>Beschreibung des Handelssystems: &#8222;DailyTrade&#8220;<\/h2>\n<p style=\"margin: 0in; font-family: Arial; font-size: 12.0pt;\">Mit &#8222;DailyTrade&#8220; wird ein trendbasierendes Handelssystem angeboten. Ziel ist es, echtes Daytrading ohne Stress umzusetzen. T\u00e4glich gibt es f\u00fcr mehrere Basiswerte ein Long- oder Short-Signal. Die Logik des Systems beruht auf der Tatsache, dass es innerhalb eines Handelstages eine dominante Welle oder einen Trend gibt, die\/der am n\u00e4chsten Tag mit erh\u00f6hter Wahrscheinlichkeit fortgesetzt wird. Vor dem B\u00f6rsenstart gibt es Anweisungen zur Handelsrichtung, den Zielkurs und einen Stopp-Loss. Somit kann eine Order beim Broker hinterlegt werden, die selbst\u00e4ndig f\u00fcr den Trader arbeitet (One-Cancels-All-Order).<\/p>\n<p style=\"margin: 0in; font-family: Arial; font-size: 12.0pt;\">Sollte der Handelstag jedoch so schwankungsarm sein, dass keines der Kursziele getroffen werden, dann gibt es zus\u00e4tzlich einen Zeitstopp. Jede offene Position wird sp\u00e4testens bis 18:00 Uhr des Tages geschlossen.<\/p>\n<p style=\"margin: 0in; font-family: Arial; font-size: 12.0pt;\"><strong>Anmerkung zum DAX:<\/strong> Die Handelssignale basieren auf der Analyse des FDAXs. Dementsprechend gibt es einen Einstieg ab 8:00 Uhr. F\u00fcr CFD-Trader gibt es bei einigen Brokern einen 24-Stunden-DAX. Dieser kann parallel zur Umsetzung genutzt werden. Das Handelssystem versucht, von der fr\u00fchen Marktbewegung ab 9:00 Uhr zu profitieren. Wer nur den CFD-DAX ab 9:00 nutzen m\u00f6chte, kann sich auch an die Vorgaben orientieren. Der Einstiegskurs unterscheidet sich dann nat\u00fcrlich im Vergleich zum FDAX. \u00dcber einen l\u00e4ngeren Zeitraum sollten jedoch \u00e4hnlich Handelsergebnisse m\u00f6glich sein.<\/p>\n<h3><strong>Entstehen der Zielkurse<\/strong><\/h3>\n<p style=\"margin: 0in; font-family: Arial; font-size: 12.0pt;\">Sobald eine Entscheidung \u00fcber die Richtung des Trades getroffen wurde, m\u00fcssen die Zielkurse bestimmt werden. Ausgehend von einer &#8222;Pi x Daumen-Regel&#8220; liegt das typische Potenzial f\u00fcr eine Vormittagsbewegung bei einer dreifachen ATR. Diese Einsch\u00e4tzung ist die Ausgangsbasis der Kursziele. Anschlie\u00dfend wird diese Einsch\u00e4tzung an den Markt angepasst. Mit Hilfe von Widerst\u00e4nden und Unterst\u00fctzungen werden die Kursziele zahlenm\u00e4\u00dfig nach oben oder unten verschoben.<\/p>\n<p style=\"margin: 0in; font-family: Arial; font-size: 12.0pt;\">Mit jeder Handelsanweisung gibt es zus\u00e4tzlich ein oberes und unteres Einstiegs-Limit. (In der Regel ist das 1 x ATR). Der Einstieg mit Kursgrenzen ist ein wichtiger Handelsfilter. Kursl\u00fccken (Gaps) zu Beginn eines Handelstages sind ein Ausdruck f\u00fcr verst\u00e4rkte Emotionen der Marktteilnehmer. Dabei kann ein neuer Marktrhythmus entstehen. Der Einstieg in eine Position unter Ber\u00fccksichtigung der vorgegebenen Kursgrenzen sichert, dass der Trade ann\u00e4hernd trendkonform zum Vortag ist.<\/p>\n<p style=\"margin: 0in; font-family: Arial; font-size: 12.0pt;\">Beim Handelssystem werden keine Candle-Formationen, Fibonacci-Kursziele oder sonstige Einstiegsoptimierungen vorgenommen.<\/p>\n<p style=\"margin-top: 0pt; margin-bottom: 10pt; font-family: Arial; font-size: 12.0pt;\">Meistens sind die Trades so geplant, dann das Chance-Risiko-Verh\u00e4ltnis (CRV) gr\u00f6\u00dfer als 1 ist. Es h\u00e4ngt aber von der Widerst\u00e4nden und Unterst\u00fctzungen ab. Ein gelegentlich ung\u00fcnstiger Einstiegskurs gleicht sich nach wenigen Tagen wieder aus.<\/p>\n<p><!-- BEGINN des zanox-affiliate HTML-Code --><br \/>\n<!-- ( Der HTML-Code darf im Sinne der einwandfreien Funktionalit\u00e4t nicht ver\u00e4ndert werden! ) --><br \/>\n<a href=\"http:\/\/ad.zanox.com\/ppc\/?40838761C455928545T\"><img loading=\"lazy\" decoding=\"async\" src=\"http:\/\/ad.zanox.com\/ppv\/?40838761C455928545\" alt=\"AGILA Haustierversicherung\" width=\"468\" height=\"60\" align=\"bottom\" border=\"0\" hspace=\"1\" \/><\/a><br \/>\n<!-- ENDE des zanox-affiliate HTML-Code --><\/p>\n<p>&nbsp;<\/p>\n<h2><strong>Handelsergebnisse &#8222;DailyTrade&#8220; seit Start am 11.07.16<\/strong><\/h2>\n<p><img loading=\"lazy\" decoding=\"async\" src=\"http:\/\/www.trading-ideen.de\/download\/kapitalkurve-FDAX.png\" alt=\"Image\" width=\"480\" height=\"320\" \/><\/p>\n<p><em>Bild: Kapitalkurve f\u00fcr den DAX. F\u00fcr jeden Trade wurde nur ein Kontrakt angesetzt. Das Ergebnis multipliziert sich entsprechend der eingesetzten Kontraktzahl.<\/em><\/p>\n<p>Stand: 09.06.17 \u00a0\u00a0\u00a0Trefferquote: 56,1%\u00a0 Payoff-Ratio: 1,3 \u00a0 Profitfaktor: 1,60 \u00a0insgesamt 123 Trades<\/p>\n<p>&nbsp;<\/p>\n<p>&nbsp;<\/p>\n<p><img loading=\"lazy\" decoding=\"async\" src=\"http:\/\/www.trading-ideen.de\/download\/kapitalkurve-EURUSD.png\" alt=\"Image\" width=\"480\" height=\"320\" \/><\/p>\n<p>Bild: Kapitalkurve f\u00fcr den EUR-USD. F\u00fcr jeden Trade wurde nur ein Lot angesetzt.\u00a0<em>Das Ergebnis multipliziert sich entsprechend der eingesetzten Lots.<\/em><\/p>\n<p>Stand: 09.06.17\u00a0\u00a0 Trefferquote: 45,7%\u00a0\u00a0 Payoff-Ratio: 1,5\u00a0\u00a0 Profitfaktor: 1,26 \u00a0insgesamt 116 Trades<\/p>\n<p>&nbsp;<\/p>\n<p>&nbsp;<\/p>\n","protected":false},"excerpt":{"rendered":"<div class=\"mh-excerpt\"><p>Beschreibung des Handelssystems: &#8222;DailyTrade&#8220; Mit &#8222;DailyTrade&#8220; wird ein trendbasierendes Handelssystem angeboten. Ziel ist es, echtes Daytrading ohne Stress umzusetzen. T\u00e4glich gibt es f\u00fcr mehrere Basiswerte ein Long- oder Short-Signal. Die Logik des Systems beruht auf <a class=\"mh-excerpt-more\" href=\"https:\/\/www.trading-ideen.de\/wordpress\/handelssystem\/\" title=\"System: DailyTrade\">[&#8230;]<\/a><\/p>\n<\/div>","protected":false},"author":1,"featured_media":0,"parent":0,"menu_order":0,"comment_status":"open","ping_status":"open","template":"","meta":{"footnotes":""},"class_list":["post-3717","page","type-page","status-publish"],"yoast_head":"<!-- This site is optimized with the Yoast SEO plugin v27.6 - https:\/\/yoast.com\/product\/yoast-seo-wordpress\/ -->\n<title>System: DailyTrade - Trading-Ideen.de<\/title>\n<meta name=\"description\" content=\"DailyTrade das t\u00e4gliche Handelssystem auf www.Trading-Ideen.de. + Traden Sie mit: Das System ist \u00f6ffentlich und kostenlos. + Daytrading f\u00fcr Berufst\u00e4tige.\" \/>\n<meta name=\"robots\" content=\"index, follow, max-snippet:-1, max-image-preview:large, max-video-preview:-1\" \/>\n<link rel=\"canonical\" href=\"https:\/\/www.trading-ideen.de\/wordpress\/handelssystem\/\" \/>\n<meta name=\"twitter:label1\" content=\"Gesch\u00e4tzte Lesezeit\" \/>\n\t<meta name=\"twitter:data1\" content=\"2\u00a0Minuten\" \/>\n<script type=\"application\/ld+json\" class=\"yoast-schema-graph\">{\"@context\":\"https:\\\/\\\/schema.org\",\"@graph\":[{\"@type\":\"WebPage\",\"@id\":\"https:\\\/\\\/www.trading-ideen.de\\\/wordpress\\\/handelssystem\\\/\",\"url\":\"https:\\\/\\\/www.trading-ideen.de\\\/wordpress\\\/handelssystem\\\/\",\"name\":\"System: DailyTrade - Trading-Ideen.de\",\"isPartOf\":{\"@id\":\"https:\\\/\\\/www.trading-ideen.de\\\/wordpress\\\/#website\"},\"primaryImageOfPage\":{\"@id\":\"https:\\\/\\\/www.trading-ideen.de\\\/wordpress\\\/handelssystem\\\/#primaryimage\"},\"image\":{\"@id\":\"https:\\\/\\\/www.trading-ideen.de\\\/wordpress\\\/handelssystem\\\/#primaryimage\"},\"thumbnailUrl\":\"http:\\\/\\\/ad.zanox.com\\\/ppv\\\/?40838761C455928545\",\"datePublished\":\"2016-08-31T20:57:40+00:00\",\"dateModified\":\"2017-06-10T22:23:04+00:00\",\"description\":\"DailyTrade das t\u00e4gliche Handelssystem auf www.Trading-Ideen.de. + Traden Sie mit: Das System ist \u00f6ffentlich und kostenlos. + Daytrading f\u00fcr Berufst\u00e4tige.\",\"breadcrumb\":{\"@id\":\"https:\\\/\\\/www.trading-ideen.de\\\/wordpress\\\/handelssystem\\\/#breadcrumb\"},\"inLanguage\":\"de\",\"potentialAction\":[{\"@type\":\"ReadAction\",\"target\":[\"https:\\\/\\\/www.trading-ideen.de\\\/wordpress\\\/handelssystem\\\/\"]}]},{\"@type\":\"ImageObject\",\"inLanguage\":\"de\",\"@id\":\"https:\\\/\\\/www.trading-ideen.de\\\/wordpress\\\/handelssystem\\\/#primaryimage\",\"url\":\"http:\\\/\\\/ad.zanox.com\\\/ppv\\\/?40838761C455928545\",\"contentUrl\":\"http:\\\/\\\/ad.zanox.com\\\/ppv\\\/?40838761C455928545\"},{\"@type\":\"BreadcrumbList\",\"@id\":\"https:\\\/\\\/www.trading-ideen.de\\\/wordpress\\\/handelssystem\\\/#breadcrumb\",\"itemListElement\":[{\"@type\":\"ListItem\",\"position\":1,\"name\":\"Home\",\"item\":\"https:\\\/\\\/www.trading-ideen.de\\\/wordpress\\\/\"},{\"@type\":\"ListItem\",\"position\":2,\"name\":\"System: DailyTrade\"}]},{\"@type\":\"WebSite\",\"@id\":\"https:\\\/\\\/www.trading-ideen.de\\\/wordpress\\\/#website\",\"url\":\"https:\\\/\\\/www.trading-ideen.de\\\/wordpress\\\/\",\"name\":\"Trading-Ideen.de\",\"description\":\"Tipps und Gedanken zur B\u00f6rse\",\"potentialAction\":[{\"@type\":\"SearchAction\",\"target\":{\"@type\":\"EntryPoint\",\"urlTemplate\":\"https:\\\/\\\/www.trading-ideen.de\\\/wordpress\\\/?s={search_term_string}\"},\"query-input\":{\"@type\":\"PropertyValueSpecification\",\"valueRequired\":true,\"valueName\":\"search_term_string\"}}],\"inLanguage\":\"de\"}]}<\/script>\n<!-- \/ Yoast SEO plugin. -->","yoast_head_json":{"title":"System: DailyTrade - Trading-Ideen.de","description":"DailyTrade das t\u00e4gliche Handelssystem auf www.Trading-Ideen.de. + Traden Sie mit: Das System ist \u00f6ffentlich und kostenlos. + Daytrading f\u00fcr Berufst\u00e4tige.","robots":{"index":"index","follow":"follow","max-snippet":"max-snippet:-1","max-image-preview":"max-image-preview:large","max-video-preview":"max-video-preview:-1"},"canonical":"https:\/\/www.trading-ideen.de\/wordpress\/handelssystem\/","twitter_misc":{"Gesch\u00e4tzte Lesezeit":"2\u00a0Minuten"},"schema":{"@context":"https:\/\/schema.org","@graph":[{"@type":"WebPage","@id":"https:\/\/www.trading-ideen.de\/wordpress\/handelssystem\/","url":"https:\/\/www.trading-ideen.de\/wordpress\/handelssystem\/","name":"System: DailyTrade - Trading-Ideen.de","isPartOf":{"@id":"https:\/\/www.trading-ideen.de\/wordpress\/#website"},"primaryImageOfPage":{"@id":"https:\/\/www.trading-ideen.de\/wordpress\/handelssystem\/#primaryimage"},"image":{"@id":"https:\/\/www.trading-ideen.de\/wordpress\/handelssystem\/#primaryimage"},"thumbnailUrl":"http:\/\/ad.zanox.com\/ppv\/?40838761C455928545","datePublished":"2016-08-31T20:57:40+00:00","dateModified":"2017-06-10T22:23:04+00:00","description":"DailyTrade das t\u00e4gliche Handelssystem auf www.Trading-Ideen.de. + Traden Sie mit: Das System ist \u00f6ffentlich und kostenlos. + Daytrading f\u00fcr Berufst\u00e4tige.","breadcrumb":{"@id":"https:\/\/www.trading-ideen.de\/wordpress\/handelssystem\/#breadcrumb"},"inLanguage":"de","potentialAction":[{"@type":"ReadAction","target":["https:\/\/www.trading-ideen.de\/wordpress\/handelssystem\/"]}]},{"@type":"ImageObject","inLanguage":"de","@id":"https:\/\/www.trading-ideen.de\/wordpress\/handelssystem\/#primaryimage","url":"http:\/\/ad.zanox.com\/ppv\/?40838761C455928545","contentUrl":"http:\/\/ad.zanox.com\/ppv\/?40838761C455928545"},{"@type":"BreadcrumbList","@id":"https:\/\/www.trading-ideen.de\/wordpress\/handelssystem\/#breadcrumb","itemListElement":[{"@type":"ListItem","position":1,"name":"Home","item":"https:\/\/www.trading-ideen.de\/wordpress\/"},{"@type":"ListItem","position":2,"name":"System: DailyTrade"}]},{"@type":"WebSite","@id":"https:\/\/www.trading-ideen.de\/wordpress\/#website","url":"https:\/\/www.trading-ideen.de\/wordpress\/","name":"Trading-Ideen.de","description":"Tipps und Gedanken zur B\u00f6rse","potentialAction":[{"@type":"SearchAction","target":{"@type":"EntryPoint","urlTemplate":"https:\/\/www.trading-ideen.de\/wordpress\/?s={search_term_string}"},"query-input":{"@type":"PropertyValueSpecification","valueRequired":true,"valueName":"search_term_string"}}],"inLanguage":"de"}]}},"_links":{"self":[{"href":"https:\/\/www.trading-ideen.de\/wordpress\/wp-json\/wp\/v2\/pages\/3717","targetHints":{"allow":["GET"]}}],"collection":[{"href":"https:\/\/www.trading-ideen.de\/wordpress\/wp-json\/wp\/v2\/pages"}],"about":[{"href":"https:\/\/www.trading-ideen.de\/wordpress\/wp-json\/wp\/v2\/types\/page"}],"author":[{"embeddable":true,"href":"https:\/\/www.trading-ideen.de\/wordpress\/wp-json\/wp\/v2\/users\/1"}],"replies":[{"embeddable":true,"href":"https:\/\/www.trading-ideen.de\/wordpress\/wp-json\/wp\/v2\/comments?post=3717"}],"version-history":[{"count":26,"href":"https:\/\/www.trading-ideen.de\/wordpress\/wp-json\/wp\/v2\/pages\/3717\/revisions"}],"predecessor-version":[{"id":6233,"href":"https:\/\/www.trading-ideen.de\/wordpress\/wp-json\/wp\/v2\/pages\/3717\/revisions\/6233"}],"wp:attachment":[{"href":"https:\/\/www.trading-ideen.de\/wordpress\/wp-json\/wp\/v2\/media?parent=3717"}],"curies":[{"name":"wp","href":"https:\/\/api.w.org\/{rel}","templated":true}]}}