{"id":6,"date":"2015-06-15T18:47:36","date_gmt":"2015-06-15T16:47:36","guid":{"rendered":"http:\/\/www.trading-ideen.de\/wordpress\/?page_id=6"},"modified":"2023-07-09T18:37:06","modified_gmt":"2023-07-09T16:37:06","slug":"know-how","status":"publish","type":"page","link":"https:\/\/www.trading-ideen.de\/wordpress\/know-how\/","title":{"rendered":"Knowhow"},"content":{"rendered":"<h3><strong>Grundlagen des Tradings:<\/strong><\/h3>\n<p>1.\u00a0<a href=\"https:\/\/www.trading-ideen.de\/wordpress\/haben-sie-talent-zum-trading\" target=\"_blank\" rel=\"noopener noreferrer\">Haben Sie Talent zum Trading?<\/a><br \/>\n2.\u00a0<a href=\"https:\/\/www.trading-ideen.de\/wordpress\/?p=25\" target=\"_blank\" rel=\"noopener noreferrer\">Plane den Trade, und trade den Plan<\/a><br \/>\n3.\u00a0<a href=\"https:\/\/www.trading-ideen.de\/wordpress\/?p=37\" target=\"_blank\" rel=\"noopener noreferrer\">Die erfolgreichen B\u00f6rsenstrategien<\/a><br \/>\n4.\u00a0<a href=\"https:\/\/www.trading-ideen.de\/wordpress\/?p=47\" target=\"_blank\" rel=\"noopener noreferrer\">Fundamentale Methoden der Aktienauswahl<\/a><br \/>\n5.\u00a0<a href=\"https:\/\/www.trading-ideen.de\/wordpress\/?p=51\" target=\"_blank\" rel=\"noopener noreferrer\">Kennzahlen der Fundamentalanalyse<\/a><br \/>\n6.\u00a0<a href=\"https:\/\/www.trading-ideen.de\/wordpress\/?p=55\" target=\"_blank\" rel=\"noopener noreferrer\">Kurzanleitung f\u00fcr die Technische Analyse<\/a><br \/>\n7.\u00a0<a href=\"https:\/\/www.trading-ideen.de\/wordpress\/?p=59\" target=\"_blank\" rel=\"noopener noreferrer\">So zeichnen Sie korrekte Trendlinien<\/a><br \/>\n8.\u00a0<a href=\"https:\/\/www.trading-ideen.de\/wordpress\/?p=68\" target=\"_blank\" rel=\"noopener noreferrer\">So setzen Sie Indikatoren richtig ein<\/a><br \/>\n9.\u00a0<a href=\"https:\/\/www.trading-ideen.de\/wordpress\/?p=76\" target=\"_blank\" rel=\"noopener noreferrer\">So trainieren Sie Ihre mentale St\u00e4rke<\/a><br \/>\n10.\u00a0<a href=\"https:\/\/www.trading-ideen.de\/wordpress\/?p=79\" target=\"_blank\" rel=\"noopener noreferrer\">Spielen Sie mit dem Risiko<\/a><\/p>\n<p>und weiterer Lesestoff: <strong> \u00a0<a href=\"https:\/\/www.trading-ideen.de\/wordpress\/trading-buecher\/\">Die Liste der besten B\u00f6rsenb\u00fccher<\/a><\/strong><\/p>\n<p><iframe loading=\"lazy\" style=\"border: none;\" src=\"http:\/\/rcm-eu.amazon-adsystem.com\/e\/cm?t=tradindideend-21&amp;o=3&amp;p=26&amp;l=ur1&amp;category=books&amp;banner=0VF1Q23T2P4NF7PJMS02&amp;f=ifr\" width=\"468\" height=\"60\" frameborder=\"0\" marginwidth=\"0\" scrolling=\"no\"><\/iframe><\/p>\n<h3><strong>Beitr\u00e4ge zur Technischen Analyse:<\/strong><\/h3>\n<p><a href=\"https:\/\/www.trading-ideen.de\/wordpress\/markttechnik\/\">Konzept der Markttechnik im Detail erkl\u00e4rt<\/a><br \/>\n<a href=\"https:\/\/www.trading-ideen.de\/wordpress\/?p=5235\">Widerst\u00e4nde und Unterst\u00fctzungen f\u00fcr Indizes und ETFs<\/a><br \/>\n<a href=\"https:\/\/www.trading-ideen.de\/wordpress\/?p=230\">Chartmuster erkl\u00e4rt: Doppel-Hoch<\/a><br \/>\n<a href=\"https:\/\/www.trading-ideen.de\/wordpress\/?p=116\">Chartmuster erkl\u00e4rt: Dreiecke<\/a><br \/>\n<a href=\"https:\/\/www.trading-ideen.de\/wordpress\/?p=149\">Chartmuster erkl\u00e4rt: Rechtecke<\/a><br \/>\n<a href=\"https:\/\/www.trading-ideen.de\/wordpress\/?p=169\">Chartmuster erkl\u00e4rt: Schulter-Kopf-Schulter (SKS)<\/a><br \/>\n<a href=\"https:\/\/www.trading-ideen.de\/wordpress\/?p=116\">Chartmuster erkl\u00e4rt: Wimpel<\/a><br \/>\n<a href=\"https:\/\/www.trading-ideen.de\/wordpress\/?p=271\">Perfekte Trendlinien mit der Pitchfork zeichnen<\/a><br \/>\n<a href=\"https:\/\/www.trading-ideen.de\/wordpress\/?p=5482\">Widerstand und Unterst\u00fctzung mit dem Volumenprofil<\/a><br \/>\n<a href=\"https:\/\/www.trading-ideen.de\/wordpress\/?p=5686\">Erfolgreicher B\u00f6rsenhandel mit &#8222;Markttechnik&#8220;<\/a><br \/>\n<a href=\"https:\/\/www.trading-ideen.de\/wordpress\/marktdiagnose-mit-adl\/\">Trading mit der Advance-Decline-Line (ADL)<\/a><\/p>\n<h3><strong>Trading mit Indikatoren:<\/strong><\/h3>\n<p><a href=\"https:\/\/www.trading-ideen.de\/wordpress\/?p=2235\">RSI &#8211; das Multi-Tool<\/a><br \/>\n<a href=\"https:\/\/www.trading-ideen.de\/wordpress\/?p=2629\">Trading mit dem MACD<\/a><br \/>\n<a href=\"https:\/\/www.trading-ideen.de\/wordpress\/?p=3553\">Trading mit dem Stochastik-Indikator.<\/a><br \/>\n<a href=\"https:\/\/www.trading-ideen.de\/wordpress\/?p=2737\">Profite mit dem Elder-Force-Indikator<\/a><br \/>\n<a href=\"https:\/\/www.trading-ideen.de\/wordpress\/?p=3100\">Trading mit Gleitenden Durchschnitten<\/a><br \/>\n<a href=\"https:\/\/www.trading-ideen.de\/wordpress\/?p=2183\">Woodie\u00b4s CCI<\/a><br \/>\n<a href=\"https:\/\/www.trading-ideen.de\/wordpress\/?p=5358\">Mit Z-Score Trading-Gewinne erh\u00f6hen<\/a><br \/>\n<a href=\"https:\/\/www.trading-ideen.de\/wordpress\/?p=5578\">Trading mit dem Money Flow-Prinzip<\/a><br \/>\n<a href=\"https:\/\/www.trading-ideen.de\/wordpress\/?p=5951\">Trading mit DMI-System (Directional Movement)<\/a><br \/>\n<a href=\"https:\/\/www.trading-ideen.de\/wordpress\/bollinger-baender\/\">Trading mit Bollinger B\u00e4ndern<\/a><br \/>\n<a href=\"https:\/\/www.trading-ideen.de\/wordpress\/obv\/\">Trading mit dem OBV<\/a><br \/>\n<a href=\"https:\/\/www.trading-ideen.de\/wordpress\/intermarket-analyse-verstehen\/\">Intermarket-Analyse nach Murphy<\/a><\/p>\n<h3><strong>Trading-Strategien:<\/strong><\/h3>\n<p><a href=\"https:\/\/www.trading-ideen.de\/wordpress\/volumentrend\/\">Ausbr\u00fcche mit dem Volumentrend handeln<\/a><br \/>\n<a href=\"https:\/\/www.trading-ideen.de\/wordpress\/?p=773\">Trading mit der Saisonalit\u00e4t<\/a><br \/>\n<a href=\"https:\/\/www.trading-ideen.de\/wordpress\/?p=3727\">DAX: Die Macht des saisonalen Charts<\/a><br \/>\n<a href=\"https:\/\/www.trading-ideen.de\/wordpress\/?p=1524\">So entstehen Trader-Fallen<\/a><br \/>\n<a href=\"https:\/\/www.trading-ideen.de\/wordpress\/?p=1405\">So unterscheiden Sie Trend oder Nichttrend?<\/a><br \/>\n<a href=\"https:\/\/www.trading-ideen.de\/wordpress\/?p=469\">Wie man den Trendhandel erfolgreich macht<\/a><br \/>\n<a href=\"https:\/\/www.trading-ideen.de\/wordpress\/?p=1488\">Trader brauchen Volatilit\u00e4t<\/a><br \/>\n<a href=\"https:\/\/www.trading-ideen.de\/wordpress\/?p=1975\">Dan Zanger 10 Aktien-Regeln<\/a><br \/>\n<a href=\"https:\/\/www.trading-ideen.de\/wordpress\/?p=2061\">Strategie 3 &#8211; Sakata-Method<\/a><br \/>\n<a href=\"https:\/\/www.trading-ideen.de\/wordpress\/?p=3001\">Gap-Trading &#8211; So handeln Sie Kursl\u00fccken<\/a><br \/>\n<a href=\"https:\/\/www.trading-ideen.de\/wordpress\/?p=3296\">Jeff Cooper: Expansion Breakout-Strategie<\/a><br \/>\n<a href=\"https:\/\/www.trading-ideen.de\/wordpress\/?p=238\">Eine einzige Strategie reicht nicht aus<\/a><br \/>\n<a href=\"https:\/\/www.trading-ideen.de\/wordpress\/?p=1885\">Das weltbeste Handelssystem &#8211; Donchian-Channel<\/a><br \/>\n<a href=\"https:\/\/www.trading-ideen.de\/wordpress\/?p=6555\">Trading mit dem Alligator von Bill Williams<\/a><br \/>\n<a href=\"https:\/\/www.trading-ideen.de\/wordpress\/?p=947\">Wie Sie vom Insider-Handel profitieren k\u00f6nnen<\/a><br \/>\n<a href=\"https:\/\/www.trading-ideen.de\/wordpress\/?p=978\">Mit dem McClellan-Oszillator den Aktienmarkt handeln<\/a><br \/>\n<a href=\"https:\/\/www.trading-ideen.de\/wordpress\/?p=3392\">Trading mit Ross-Haken und 1-2-3-Muster<\/a><br \/>\n<a href=\"https:\/\/www.trading-ideen.de\/wordpress\/?p=310\">Ausbr\u00fcche mit Preis und Volumen diagnostizieren<\/a><br \/>\n<a href=\"https:\/\/www.trading-ideen.de\/wordpress\/?p=1715\">Trading mit R\u00fcckl\u00e4ufen (Pullbacks)<\/a><br \/>\n<a href=\"https:\/\/www.trading-ideen.de\/wordpress\/?p=3943\">Elliott-Wellen &#8211; einmal ganz einfach<\/a><br \/>\n<a href=\"https:\/\/www.trading-ideen.de\/wordpress\/?p=3971\">So entwickeln Sie eine Top-Handels-Strategie<\/a><br \/>\n<a href=\"https:\/\/www.trading-ideen.de\/wordpress\/trading-fehler\/\">Der schlimmste Trading-Fehler<\/a><br \/>\n<a href=\"https:\/\/www.trading-ideen.de\/wordpress\/?p=6870\">Die Optimierung des Chance-Risiko-Verh\u00e4ltnis (CRV)<\/a><br \/>\n<a href=\"https:\/\/www.trading-ideen.de\/wordpress\/levy-relative-staerke\">Relative St\u00e4rke nach Levy (RSL)<\/a><br \/>\n<a href=\"https:\/\/www.trading-ideen.de\/wordpress\/so-funktioniert-pairstrading\/\">So funktioniert Pairstrading<\/a><\/p>\n<h3><strong>Trading-Psychologie:<\/strong><\/h3>\n<p><a href=\"https:\/\/www.trading-ideen.de\/wordpress\/?p=5407\">Super-Trader werden gemacht &#8211; und nicht geboren<\/a><br \/>\n<a href=\"https:\/\/www.trading-ideen.de\/wordpress\/?p=3814\">Der optimale Trading-Start<\/a><br \/>\n<a href=\"https:\/\/www.trading-ideen.de\/wordpress\/?p=415\">Die Qualifikation des perfekten Traders nach Gann<\/a><br \/>\n<a href=\"https:\/\/www.trading-ideen.de\/wordpress\/?p=3780\">Trading ist wie ein Boxkampf<\/a><br \/>\n<a href=\"https:\/\/www.trading-ideen.de\/wordpress\/?p=1808\">Falsche Vorstellungen \u00fcber Trading-Erfolg<\/a><br \/>\n<a href=\"https:\/\/www.trading-ideen.de\/wordpress\/?p=376\">So werden Sie ein Trading-Experte<\/a><br \/>\n<a href=\"https:\/\/www.trading-ideen.de\/wordpress\/?p=245\">Wer gewinnt: System-Trader oder Bauch-Trader?<\/a><br \/>\n<a href=\"https:\/\/www.trading-ideen.de\/wordpress\/?p=871\">Traum vom Reichtum<\/a><br \/>\n<a href=\"https:\/\/www.trading-ideen.de\/wordpress\/?p=700\">Auch Experten irren sich manchmal<\/a><br \/>\n<a href=\"https:\/\/www.trading-ideen.de\/wordpress\/?p=1347\">Essenz des Trading-Erfolges<\/a><br \/>\n<a href=\"https:\/\/www.trading-ideen.de\/wordpress\/?p=3449\">Eigenschaften der Top-Trader<\/a><\/p>\n<h3><strong>Sonstiges zum Trading:<\/strong><\/h3>\n<p><a href=\"https:\/\/www.trading-ideen.de\/wordpress\/?p=546\" target=\"_blank\" rel=\"noopener\">Software f\u00fcr Daytrader<\/a><br \/>\n<a href=\"https:\/\/www.trading-ideen.de\/wordpress\/?p=198\">Order-Typen f\u00fcr Trader<\/a><br \/>\n<a href=\"https:\/\/www.trading-ideen.de\/wordpress\/?p=4038\">Broker-Abzocke: Was Sie bei CFDs beachten sollten<\/a><br \/>\n<a href=\"https:\/\/www.trading-ideen.de\/wordpress\/?p=5805\">MetaTrader 4 oder 5 w\u00e4hlen?<\/a><br \/>\n<a href=\"https:\/\/www.trading-ideen.de\/wordpress\/?p=2470\">\u00dcber den Sinn von Backtests<\/a><\/p>\n<p><a href=\"https:\/\/www.trading-ideen.de\/wordpress\/optimal-f\/\" target=\"_blank\" rel=\"noopener\">Money-Management mit Optimal f<\/a><\/p>\n","protected":false},"excerpt":{"rendered":"<div class=\"mh-excerpt\"><p>Grundlagen des Tradings: 1.\u00a0Haben Sie Talent zum Trading? 2.\u00a0Plane den Trade, und trade den Plan 3.\u00a0Die erfolgreichen B\u00f6rsenstrategien 4.\u00a0Fundamentale Methoden der Aktienauswahl 5.\u00a0Kennzahlen der Fundamentalanalyse 6.\u00a0Kurzanleitung f\u00fcr die Technische Analyse 7.\u00a0So zeichnen Sie korrekte Trendlinien <a class=\"mh-excerpt-more\" href=\"https:\/\/www.trading-ideen.de\/wordpress\/know-how\/\" title=\"Knowhow\">[&#8230;]<\/a><\/p>\n<\/div>","protected":false},"author":1,"featured_media":0,"parent":0,"menu_order":1,"comment_status":"open","ping_status":"open","template":"","meta":{"footnotes":""},"class_list":["post-6","page","type-page","status-publish"],"yoast_head":"<!-- This site is optimized with the Yoast SEO plugin v27.4 - https:\/\/yoast.com\/product\/yoast-seo-wordpress\/ -->\n<title>Das Basiswissen f\u00fcr Trader<\/title>\n<meta name=\"description\" content=\"Nur mit Trading-Knowhow ist erfolgreicher B\u00f6rsenhandel m\u00f6glich. Lernen Sie alles \u00fcber Handelssysteme, Strategien und B\u00f6rsenpsychologie.\" \/>\n<meta name=\"robots\" content=\"index, follow, max-snippet:-1, max-image-preview:large, max-video-preview:-1\" \/>\n<link rel=\"canonical\" href=\"https:\/\/www.trading-ideen.de\/wordpress\/know-how\/\" \/>\n<meta name=\"twitter:label1\" content=\"Gesch\u00e4tzte Lesezeit\" \/>\n\t<meta name=\"twitter:data1\" content=\"3\u00a0Minuten\" \/>\n<script type=\"application\/ld+json\" class=\"yoast-schema-graph\">{\"@context\":\"https:\\\/\\\/schema.org\",\"@graph\":[{\"@type\":\"WebPage\",\"@id\":\"https:\\\/\\\/www.trading-ideen.de\\\/wordpress\\\/know-how\\\/\",\"url\":\"https:\\\/\\\/www.trading-ideen.de\\\/wordpress\\\/know-how\\\/\",\"name\":\"Das Basiswissen f\u00fcr Trader\",\"isPartOf\":{\"@id\":\"https:\\\/\\\/www.trading-ideen.de\\\/wordpress\\\/#website\"},\"datePublished\":\"2015-06-15T16:47:36+00:00\",\"dateModified\":\"2023-07-09T16:37:06+00:00\",\"description\":\"Nur mit Trading-Knowhow ist erfolgreicher B\u00f6rsenhandel m\u00f6glich. Lernen Sie alles \u00fcber Handelssysteme, Strategien und B\u00f6rsenpsychologie.\",\"breadcrumb\":{\"@id\":\"https:\\\/\\\/www.trading-ideen.de\\\/wordpress\\\/know-how\\\/#breadcrumb\"},\"inLanguage\":\"de\",\"potentialAction\":[{\"@type\":\"ReadAction\",\"target\":[\"https:\\\/\\\/www.trading-ideen.de\\\/wordpress\\\/know-how\\\/\"]}]},{\"@type\":\"BreadcrumbList\",\"@id\":\"https:\\\/\\\/www.trading-ideen.de\\\/wordpress\\\/know-how\\\/#breadcrumb\",\"itemListElement\":[{\"@type\":\"ListItem\",\"position\":1,\"name\":\"Home\",\"item\":\"https:\\\/\\\/www.trading-ideen.de\\\/wordpress\\\/\"},{\"@type\":\"ListItem\",\"position\":2,\"name\":\"Knowhow\"}]},{\"@type\":\"WebSite\",\"@id\":\"https:\\\/\\\/www.trading-ideen.de\\\/wordpress\\\/#website\",\"url\":\"https:\\\/\\\/www.trading-ideen.de\\\/wordpress\\\/\",\"name\":\"Trading-Ideen.de\",\"description\":\"Tipps und Gedanken zur B\u00f6rse\",\"potentialAction\":[{\"@type\":\"SearchAction\",\"target\":{\"@type\":\"EntryPoint\",\"urlTemplate\":\"https:\\\/\\\/www.trading-ideen.de\\\/wordpress\\\/?s={search_term_string}\"},\"query-input\":{\"@type\":\"PropertyValueSpecification\",\"valueRequired\":true,\"valueName\":\"search_term_string\"}}],\"inLanguage\":\"de\"}]}<\/script>\n<!-- \/ Yoast SEO plugin. -->","yoast_head_json":{"title":"Das Basiswissen f\u00fcr Trader","description":"Nur mit Trading-Knowhow ist erfolgreicher B\u00f6rsenhandel m\u00f6glich. Lernen Sie alles \u00fcber Handelssysteme, Strategien und B\u00f6rsenpsychologie.","robots":{"index":"index","follow":"follow","max-snippet":"max-snippet:-1","max-image-preview":"max-image-preview:large","max-video-preview":"max-video-preview:-1"},"canonical":"https:\/\/www.trading-ideen.de\/wordpress\/know-how\/","twitter_misc":{"Gesch\u00e4tzte Lesezeit":"3\u00a0Minuten"},"schema":{"@context":"https:\/\/schema.org","@graph":[{"@type":"WebPage","@id":"https:\/\/www.trading-ideen.de\/wordpress\/know-how\/","url":"https:\/\/www.trading-ideen.de\/wordpress\/know-how\/","name":"Das Basiswissen f\u00fcr Trader","isPartOf":{"@id":"https:\/\/www.trading-ideen.de\/wordpress\/#website"},"datePublished":"2015-06-15T16:47:36+00:00","dateModified":"2023-07-09T16:37:06+00:00","description":"Nur mit Trading-Knowhow ist erfolgreicher B\u00f6rsenhandel m\u00f6glich. Lernen Sie alles \u00fcber Handelssysteme, Strategien und B\u00f6rsenpsychologie.","breadcrumb":{"@id":"https:\/\/www.trading-ideen.de\/wordpress\/know-how\/#breadcrumb"},"inLanguage":"de","potentialAction":[{"@type":"ReadAction","target":["https:\/\/www.trading-ideen.de\/wordpress\/know-how\/"]}]},{"@type":"BreadcrumbList","@id":"https:\/\/www.trading-ideen.de\/wordpress\/know-how\/#breadcrumb","itemListElement":[{"@type":"ListItem","position":1,"name":"Home","item":"https:\/\/www.trading-ideen.de\/wordpress\/"},{"@type":"ListItem","position":2,"name":"Knowhow"}]},{"@type":"WebSite","@id":"https:\/\/www.trading-ideen.de\/wordpress\/#website","url":"https:\/\/www.trading-ideen.de\/wordpress\/","name":"Trading-Ideen.de","description":"Tipps und Gedanken zur B\u00f6rse","potentialAction":[{"@type":"SearchAction","target":{"@type":"EntryPoint","urlTemplate":"https:\/\/www.trading-ideen.de\/wordpress\/?s={search_term_string}"},"query-input":{"@type":"PropertyValueSpecification","valueRequired":true,"valueName":"search_term_string"}}],"inLanguage":"de"}]}},"_links":{"self":[{"href":"https:\/\/www.trading-ideen.de\/wordpress\/wp-json\/wp\/v2\/pages\/6","targetHints":{"allow":["GET"]}}],"collection":[{"href":"https:\/\/www.trading-ideen.de\/wordpress\/wp-json\/wp\/v2\/pages"}],"about":[{"href":"https:\/\/www.trading-ideen.de\/wordpress\/wp-json\/wp\/v2\/types\/page"}],"author":[{"embeddable":true,"href":"https:\/\/www.trading-ideen.de\/wordpress\/wp-json\/wp\/v2\/users\/1"}],"replies":[{"embeddable":true,"href":"https:\/\/www.trading-ideen.de\/wordpress\/wp-json\/wp\/v2\/comments?post=6"}],"version-history":[{"count":126,"href":"https:\/\/www.trading-ideen.de\/wordpress\/wp-json\/wp\/v2\/pages\/6\/revisions"}],"predecessor-version":[{"id":11519,"href":"https:\/\/www.trading-ideen.de\/wordpress\/wp-json\/wp\/v2\/pages\/6\/revisions\/11519"}],"wp:attachment":[{"href":"https:\/\/www.trading-ideen.de\/wordpress\/wp-json\/wp\/v2\/media?parent=6"}],"curies":[{"name":"wp","href":"https:\/\/api.w.org\/{rel}","templated":true}]}}